
-2 - (-3 - (-2 - 0) - -1)
-2
What is the value of -3 - (-3 - -4) - (4 - 10)?
2
Calculate 2 - (5 - (4 - 1)) - 1.
-1
13 - (3 + (7 - 3))
6
Evaluate (-41 - -36) + (12 - 0) - 11.
-4
What is the value of -1 - (-5 + (-2 - (-2 - 1)))?
3
Evaluate -4 - ((2 - 4) + -2).
0
What is the value of -8 + -13 + 3 + 18?
0
What is the value of 19 + -22 + (-2 + 1 - -4)?
0
Evaluate 2 + (-1 - (3 - (-1 - 0))).
-3
Evaluate -4 - (-5 + (-8 + 6 - -7)).
-4
What is (-3 - -4) + (1 + -3 - -5)?
4
What is -5 + 1 + -4 + 2 + 1?
-5
Calculate 2 - -2 - (-2 + 2 - -2).
2
What is the value of 5 + -24 + 13 + (0 - -2)?
-4
Calculate 0 + -3 + 1 - 1 - -4.
1
Calculate 6 + 0 - (1 - 0).
5
Evaluate 2 + (-4 - -7) - (-2 + 1).
6
What is -8 - (0 - 1) - -6?
-1
What is the value of 3 + (-3 + 2 - (3 + -2))?
1
What is (4 - -11) + -11 - 7?
-3
What is the value of (-20 - 8) + 8 + 10?
-10
Evaluate -3 + 6 + 7 + 10 + -20.
0
Evaluate -11 + 3 + 2 + 1.
-5
-5 + (11 - (2 - -2)) - 0
2
What is (1 - (-2 - -4)) + 2 + 1?
2
Calculate (1 - (-3 + (-3 - -5))) + -3.
-1
Evaluate 3 - (6 + (0 - (14 + -5))).
6
Evaluate (-2 - -3) + -5 + 6 + 5.
7
What is 1 + 2 - 1 - 3?
-1
Evaluate -4 - 2 - (3 - 9).
0
-3 - -7 - (13 + (2 - 6))
-5
2 + (1 - 6) - (-12 + 9)
0
-3 + (15 - 11) + -1 + 1
1
What is 1 + -6 - -11 - 4?
2
Calculate -1 + -2 - (7 + 8 + -11).
-7
Evaluate 3 + (-4 - (4 + 0 + -6)).
1
Calculate 0 - (3 - (1 + -1)).
-3
Calculate (2 - -6) + -6 + 1 + 2.
5
2 + (-1 - 3) - 3
-5
What is the value of 7 + 0 + -12 + -3 + 6?
-2
What is 6 - (7 + -1 + 5 + -1)?
-4
Evaluate -5 - (0 + (-14 - -6)).
3
8 - 7 - (1 + (0 - 7))
7
Calculate (-1 - -3) + (-4 - 0) + 0.
-2
Calculate 105 + -107 + 0 + -1.
-3
-1 - -1 - -3 - 5 - -2
0
What is 3 - 6 - (-4 - 0 - -6)?
-5
3 + 0 - (2 - 4)
5
Evaluate -7 + 3 + (5 - 3) + -4.
-6
What is 0 + 1 + (-13 - -8)?
-4
What is the value of (-1 - -2) + 0 + (16 - 12)?
5
5 - (6 - 7) - 10
-4
What is the value of (2 - -1) + (0 - (3 + 0))?
0
Calculate -2 - ((4 - 2) + -1).
-3
Calculate (22 - 27) + (1 - 2 - 0).
-6
Calculate (-1 - 0) + -3 + 3 + 1.
0
Calculate -3 - (-1 - (6 - (1 - -6))).
-3
Evaluate 10 - (-6 - (-11 + -4 + 5)).
6
What is -3 - (4 + 4 + -5 - 10)?
4
Evaluate 11 + -3 - (21 - 12).
-1
What is 16 + -9 + -11 + -5 + 1?
-8
What is (-4 - -3) + (5 + -2 - 5)?
-3
What is -3 + 1 + -3 + 5 + 0?
0
What is -6 + (0 - 5) + 15?
4
What is the value of -44 + 40 + 2 + (0 - -7)?
5
What is 7 + -1 - (4 - 3)?
5
Calculate 0 + (-1 - -5) + -2.
2
Calculate -7 + 6 + -1 + 5.
3
Evaluate 1 + (1 - 1) - (-111 + 110).
2
(-1 - -2) + 0 + -1 + -3
-3
What is the value of -10 - ((0 - -1) + -1 - 7)?
-3
Evaluate -1 - -3 - (82 + -80).
0
Evaluate (0 - 2) + -1 + 38 + -34.
1
What is -17 + (24 - 11) - (-1 + 4)?
-7
Evaluate -6 - (-6 + 8) - -10.
2
Evaluate -10 + 4 + (7 - 2) + -5.
-6
What is (-13 - (-11 - -3)) + -2?
-7
Calculate 1 + (7 - 4 - -1) + -2.
3
What is 7 + -20 + 9 - -9?
5
What is the value of 6 + (-11 + -1 - -5)?
-1
What is the value of (4 - 1) + (-2 - 3 - -3)?
1
0 + -8 - -2 - -9
3
Calculate 3 + 6 + -8 - (2 + 1).
-2
Evaluate (3 - 0) + -3 + 3 + -3.
0
What is (-5 - (3 + -3 + -10)) + -10?
-5
What is the value of 9 + -6 + (6 - 8)?
1
Calculate -9 + (12 - 9) + 1 + 3.
-2
Evaluate 2 + -1 + 2 + -5.
-2
7 - (-2 - -6 - -6)
-3
What is 8 + -5 + (-2 - 5) + 9?
5
What is -1 - 4 - -3 - -3?
1
What is the value of (2 - 1) + 2 + -5 + 3?
1
-4 - ((-16 - -4) + 7)
1
-11 + (13 - -1) + -11
-8
-11 + 4 - (-17 + 14)
-4
Evaluate 8 + (-5 - -8) + -11.
0
What is the value of 2 - (-5 - (-2 + -4)) - 4?
-3
What is the value of (0 - 3) + (-6 - -6) + 5?
2
Calculate 7 - 1 - 5 - 2.
-1
Evaluate -7 + -1 + 14 + -13.
-7
Calculate (-9 - -2) + 1 - -7.
1
What is the value of (3 - 7) + 12 + -4 + -2?
2
What is the value of (-5 - 0) + 10 + -7?
-2
What is the value of 13 - (6 + 17 + -4)?
-6
What is 1 + 2 + -4 + -1 + 1?
-1
What is the value of -6 + -5 + 2 - -5?
-4
What is the value of 1 + 1 + -4 + -1?
-3
Calculate -1 - ((1 - 4) + 1 + 1).
0
What is the value of 2 + ((3 - 4) + -5 - -5)?
1
What is the value of 3 + -9 + 3 - -3?
0
-3 + (-3 - -11 - (1 - -4))
0
What is 0 + 8 + -5 - 3?
0
Calculate (25 - 16) + (-11 - -4).
2
Calculate -1 + 2 + (4 - 12).
-7
What is (4 - -5) + 0 - 7?
2
Calculate -18 + (12 - (5 + -5)).
-6
Calculate 8 - 0 - (178 - 177).
7
(-5 + 4 - 2) + 33 + -30
0
What is 6 - (6 + -2 + -3)?
5
Evaluate (-9 - -4) + -8 + 8.
-5
Evaluate 7 + -21 + -1 + 13.
-2
6 + -13 + 6 + -4
-5
Evaluate -9 + 10 + (-2 - 7).
-8
What is 41 + -42 - (8 + -1)?
-8
What is 3 + -9 + 10 + (0 - 1)?
3
0 + -1 - (4 - (-13 + 20))
2
Evaluate 11 + -9 + (0 - 0).
2
What is the value of (0 - -1) + (1 - (-3 - -6))?
-1
What is the value of 5 + (-5 - 4) + 2?
-2
What is (-1 - -2) + (12 - 6)?
7
What is (1 - 6) + -1 + 3?
-3
(1 - 0) + 0 + -2
-1
What is 6 + (1 - 2) + 4 + -6?
3
What is the value of 5 - (-7 - -4) - 13?
-5
Evaluate (14 - 18) + -3 + (2 - 0).
-5
Calculate (7 - 6) + (-4 - 6 - -4).
-5
-4 - (6 - 3) - -1 - -1
-5
Evaluate -6 + 8 + -14 + 5.
-7
-2 - 2 - (-1 + -1)
-2
What is the value of 6 + -11 + 5 + 0?
0
Calculate 7 - 3 - (-4 + 5 - 0).
3
-5 + 1 + -6 + 8
-2
Evaluate -3 - (-1 + 5) - (-3 + 1).
-5
What is the value of -7 - (4 + 0) - -6?
-5
2 + (-3 - (8 + -4 + -4))
-1
Calculate (-3 + 3 + 2 - 3) + 0.
-1
What is (-6 - 1) + (-22 - -25)?
-4
What is (1 - -5) + 0 + 99 + -107?
-2
Calculate -2 + 0 + (-3 - -1) - 1.
-5
What is the value of 2 - 1 - (3 - 0) - -4?
2
What is 10 + -9 + (-1 - 2) - 0?
-2
Evaluate -2 + 6 + -10 - (-1 - 0).
-5
Calculate 2 + -7 - (-3 + (-2 - -2)).
-2
What is (-2 - (-1 - -4 - 4)) + -5?
-6
What is 14 - 9 - (0 - -3)?
2
What is the value of (9 - 4) + -4 + -5?
-4
Calculate -4 - (2 + 2 - 8).
0
What is (-7 - (11 + -37)) + -12?
7
What is the value of 8 + (-11 - (-3 - 10))?
10
What is the value of -9 + 3 + (2 - -8)?
4
0 + 3 - ((21 - -2) + -13)
-7
What is the value of (0 - 7) + (-1 - -5) + -2?
-5
0 + -3 - -1 - 2 - -6
2
What is 2 + 8 + -8 + -2?
0
What is 2 - (2 + (8 - 16))?
8
What is the value of (-4 - -17) + -15 - -1?
-1
(2 - 0) + -14 + 8
-4
-1 + 0 + 3 + -7 - -6
1
What is the value of -1 - 1 - (30 + -29) - 2?
-5
What is the value of 31 + -24 - (10 + -1)?
-2
Evaluate (-2 - -1) + -2 + 2 + 2.
1
Calculate 1 - (-2 + 4 + -1).
0
(0 + 5 - 5) + 4 + -2
2
What is the value of -1 - (-5 - (4 + 1 - 9))?
0
Evaluate 2 + (-6 + 2 - -7).
5
What is 5 - (4 - (-4 + -1))?
-4
6 + 5 + -6 - 2
3
-1 - -2 - (2 + -5 - -3)
1
Calculate (-2 - -2) + -1 - -3 - -3.
5
4 - (0 + (-3 - -4)) - -1
4
Calculate (-8 + 3 - 0) + 8.
3
Evaluate 7 + -14 - -12 - 4 - -3.
4
What is the value of 4 + -8 + 6 + -4 - 6?
-8
What is the value of -4 + (4 - (4 + -8))?
4
What is 3 - (0 - 2 - 2 - -8)?
-1
What is 1 + 7 + (3 + -2 - 4)?
5
What is the value of 5 + (1 - 1 - -5) + -9?
1
Calculate (11 - (4 + 3)) + (3 - 7).
0
What is 8 + (6 - 14 - (-1 - 3))?
4
Calculate (3 - 0) + (-4 - -2).
1
Evaluate 1 - (0 - 2 - 1 - 0).
4
What is -8 + -1 + 10 + -4?
-3
Calculate 6 - (12 - 10 - -6).
-2
What is -12 + 1 - (-10 + (4 - 0))?
-5
Evaluate 8 + 1 + -5 + 0 - 8.
-4
What is 1 + 2 - ((0 - -2) + -2)?
3
What is the value of (5 + -10 - -13) + -1?
7
Calculate (-5 - (-14 - -8)) + 0 + 3.
4
-3 + (5 - (0 + -1))
3
Evaluate -7 - -6 - (-3 + 0).
2
What is 3 - 3 - ((4 - 3) + 2)?
-3
What is -3 + (-1 - 3) + 2?
-5
What is 1 + (14 - 7) + -13?
-5
Calculate -5 + (9 - 7) - -2.
-1
What is the value of -5 + (2 - -3) - (0 - 4)?
4
Calculate 6 - ((-8 - -23) + -4).
-5
What is 3 - (1 - 1 - (-6 - -7))?
4
Evaluate (2 - 1) + (2 - 0) + -7.
-4
What is the value of -1 + (0 - -3) - 4 - -3?
1
(-1 - 3) + (0 + -1 - -3)
-2
What is -2 + -4 - -2 - -6?
2
7 + 3 + 1 + -9 + 1
3
Evaluate (-1 - -3) + -4 + (10 - 4).
4
What is the value of -12 + 13 - (-1 + -1 - -3)?
0
Evaluate -3 + 8 + -8 + (-1 - -5).
1
What is the value of -1 + (9 + 4 + -6 - 1)?
5
Evaluate -9 + 1 + -7 + 21.
6
-5 + -8 + (-6 - -24)
5
What is 4 - (1 - 5) - 9?
-1
Evaluate 6 - ((1 - 5) + 4 - -1).
5
8 - (0 - (-1 + -2))
5
What is the value of -2 + (-2 - (-6 + 3))?
-1
Evaluate 3 - ((16 - 6) + 0 + -2).
-5
What is (5 - (-2 - -3)) + -3?
1
Calculate 2 - (-5 + 1) - 2.
4
What is -4 + 4 + 5 - 4?
1
What is -8 + 1 - (9 + -16)?
0
Evaluate (-1 - (-8 - -8)) + -6.
-7
What is the value of (0 + (1 - -5) - 13) + 2?
-5
Calculate 4 + ((2 - 7) + 3 - 1).
1
-2 + 2 - -3 - (-10 - -11)
2
What is the value of 9 + (2 + -12 - 7)?
-8
What is 6 + (1 - 3) + -3?
1
-9 + 11 + 7 + -3
6
Evaluate -8 + 3 + (6 - 6) + -1.
-6
What is -2 - -1 - 6 - -8?
1
Calculate 0 - (-4 +